{"id":792,"date":"2023-10-09T16:40:05","date_gmt":"2023-10-09T19:40:05","guid":{"rendered":"https:\/\/galvisatelhas.com.br\/novo\/?page_id=792"},"modified":"2023-10-09T17:22:23","modified_gmt":"2023-10-09T20:22:23","slug":"aviso-de-privacidade","status":"publish","type":"page","link":"https:\/\/galvisatelhas.com.br\/novo\/aviso-de-privacidade\/","title":{"rendered":"Aviso de Privacidade"},"content":{"rendered":"<p><div class=\"fusion-fullwidth fullwidth-box fusion-builder-row-1 fusion-flex-container has-pattern-background has-mask-background nonhundred-percent-fullwidth non-hundred-percent-height-scrolling\" style=\"--awb-background-position:center bottom;--awb-background-repeat:repeat-x;--awb-border-sizes-top:0px;--awb-border-sizes-bottom:0px;--awb-border-sizes-left:0px;--awb-border-sizes-right:0px;--awb-border-radius-top-left:0px;--awb-border-radius-top-right:0px;--awb-border-radius-bottom-right:0px;--awb-border-radius-bottom-left:0px;--awb-padding-top:110px;--awb-padding-bottom:0px;--awb-padding-top-medium:80px;--awb-background-color:var(--awb-color1);--awb-flex-wrap:wrap;\" ><div class=\"fusion-builder-row fusion-row fusion-flex-align-items-flex-start fusion-flex-content-wrap\" style=\"max-width:calc( 1170px + 0px );margin-left: calc(-0px \/ 2 );margin-right: calc(-0px \/ 2 );\"><div class=\"fusion-layout-column fusion_builder_column fusion-builder-column-0 fusion_builder_column_1_1 1_1 fusion-flex-column fusion-flex-align-self-flex-start fusion-column-no-min-height\" style=\"--awb-padding-bottom-medium:60px;--awb-bg-blend:overlay;--awb-bg-size:cover;--awb-width-large:100%;--awb-margin-top-large:0px;--awb-spacing-right-large:0px;--awb-margin-bottom-large:60px;--awb-spacing-left-large:0px;--awb-width-medium:100%;--awb-spacing-right-medium:0px;--awb-spacing-left-medium:0px;--awb-width-small:100%;--awb-spacing-right-small:0px;--awb-spacing-left-small:0px;\"><div class=\"fusion-column-wrapper fusion-flex-justify-content-flex-start fusion-content-layout-column\"><div class=\"fusion-title title fusion-title-1 fusion-sep-none fusion-title-center fusion-title-text fusion-title-size-one\" style=\"--awb-margin-bottom:20px;\"><h1 class=\"fusion-title-heading title-heading-center fusion-responsive-typography-calculated\" style=\"margin:0;--fontSize:40;line-height:var(--awb-typography1-line-height);\"><strong>LEIA COM <span style=\"color: #ca2c29;\">ATEN\u00c7\u00c3O<\/span> OS TERMOS ABAIXO<span style=\"color: #ca2c29;\">!<\/span><\/strong><\/h1><\/div><\/div><\/div><\/div><\/div><div class=\"fusion-fullwidth fullwidth-box fusion-builder-row-2 fusion-flex-container has-pattern-background has-mask-background nonhundred-percent-fullwidth non-hundred-percent-height-scrolling\" style=\"--awb-border-radius-top-left:5px;--awb-border-radius-top-right:5px;--awb-border-radius-bottom-right:5px;--awb-border-radius-bottom-left:5px;--awb-overflow:hidden;--awb-padding-top:5px;--awb-padding-right:5px;--awb-padding-bottom:5px;--awb-padding-left:5px;--awb-flex-wrap:wrap;\" ><div class=\"fusion-builder-row fusion-row fusion-flex-align-items-flex-start fusion-flex-content-wrap\" style=\"max-width:1216.8px;margin-left: calc(-4% \/ 2 );margin-right: calc(-4% \/ 2 );\"><div class=\"fusion-layout-column fusion_builder_column fusion-builder-column-1 fusion_builder_column_1_1 1_1 fusion-flex-column\" style=\"--awb-padding-top:30px;--awb-padding-right:30px;--awb-padding-bottom:30px;--awb-padding-left:30px;--awb-overflow:hidden;--awb-bg-color:var(--awb-color2);--awb-bg-color-hover:var(--awb-color2);--awb-bg-size:cover;--awb-box-shadow:5px 5px 0px 0px ;;--awb-border-color:var(--awb-color5);--awb-border-top:1px;--awb-border-right:1px;--awb-border-bottom:1px;--awb-border-left:1px;--awb-border-style:solid;--awb-border-radius:5px 5px 5px 5px;--awb-width-large:100%;--awb-margin-top-large:0px;--awb-spacing-right-large:1.92%;--awb-margin-bottom-large:20px;--awb-spacing-left-large:1.92%;--awb-width-medium:100%;--awb-order-medium:0;--awb-spacing-right-medium:1.92%;--awb-spacing-left-medium:1.92%;--awb-width-small:100%;--awb-order-small:0;--awb-spacing-right-small:1.92%;--awb-spacing-left-small:1.92%;\" data-motion-effects=\"[{&quot;type&quot;:&quot;&quot;,&quot;scroll_type&quot;:&quot;transition&quot;,&quot;scroll_direction&quot;:&quot;up&quot;,&quot;transition_speed&quot;:&quot;1&quot;,&quot;fade_type&quot;:&quot;in&quot;,&quot;scale_type&quot;:&quot;up&quot;,&quot;initial_scale&quot;:&quot;1&quot;,&quot;max_scale&quot;:&quot;1.5&quot;,&quot;min_scale&quot;:&quot;0.5&quot;,&quot;initial_rotate&quot;:&quot;0&quot;,&quot;end_rotate&quot;:&quot;30&quot;,&quot;initial_blur&quot;:&quot;0&quot;,&quot;end_blur&quot;:&quot;3&quot;,&quot;start_element&quot;:&quot;top&quot;,&quot;start_viewport&quot;:&quot;bottom&quot;,&quot;end_element&quot;:&quot;bottom&quot;,&quot;end_viewport&quot;:&quot;top&quot;,&quot;mouse_effect&quot;:&quot;track&quot;,&quot;mouse_effect_direction&quot;:&quot;opposite&quot;,&quot;mouse_effect_speed&quot;:&quot;2&quot;,&quot;infinite_animation&quot;:&quot;float&quot;,&quot;infinite_animation_speed&quot;:&quot;2&quot;}]\" data-scroll-devices=\"small-visibility,medium-visibility,large-visibility\"><div class=\"fusion-column-wrapper fusion-column-has-shadow fusion-flex-justify-content-flex-start fusion-content-layout-column\"><i class=\"fb-icon-element-1 fb-icon-element fontawesome-icon fa-exclamation-triangle fas circle-yes\" style=\"--awb-circlebordersize:1px;--awb-font-size:28.16px;--awb-width:56.32px;--awb-height:56.32px;--awb-line-height:54.32px;--awb-margin-top:0;--awb-margin-right:0;--awb-margin-bottom:0;--awb-margin-left:0;--awb-align-self:center;\"><\/i><div class=\"fusion-separator fusion-full-width-sep\" style=\"align-self: center;margin-left: auto;margin-right: auto;margin-top:20px;margin-bottom:20px;width:100%;\"><\/div><div class=\"fusion-text fusion-text-1\"><p>Esta Pol\u00edtica de Privacidade de Dados pessoais tem como objetivo estabelecer normas e diretrizes sobre o tratamento de dados pessoais coletados pela GALVISA TELHAS em seu site, a fim de esclarecer como os dados pessoais s\u00e3o tratados em atendimento \u00e0 Lei Geral de Prote\u00e7\u00e3o de Dados.<\/p>\n<p>Ao aceitar com essa Pol\u00edtica de Privacidade, o USU\u00c1RIO concorda com os termos nela descritos e com o tratamento de dados pessoais, para os fins descritos abaixo.<\/p>\n<ol>\n<li>TERMOS E DEFINI\u00c7\u00d5ES<\/li>\n<\/ol>\n<p>Para o entendimento desta pol\u00edtica devemos considerar as descri\u00e7\u00f5es das defini\u00e7\u00f5es conforme o detalhamento a seguir:<\/p>\n<p><strong>Anonimiza\u00e7\u00e3o<\/strong> \u2013 utiliza\u00e7\u00e3o de meios t\u00e9cnicos razo\u00e1veis e dispon\u00edveis no momento do tratamento, por meio dos quais um dado perde a possibilidade de associa\u00e7\u00e3o, direta ou indireta, a um indiv\u00edduo;<\/p>\n<p><strong>Autoridade Nacional \/ Autoridade Nacional de Prote\u00e7\u00e3o de Dados (ANPD)<\/strong> \u2013 \u00f3rg\u00e3o da administra\u00e7\u00e3o p\u00fablica respons\u00e1vel por zelar, implementar e fiscalizar o cumprimento da LGPD em todo o territ\u00f3rio nacional;<\/p>\n<p><strong>Banco de Dados<\/strong> \u2013 conjunto estruturado de dados pessoais, estabelecido em um ou em v\u00e1rios locais, em suporte eletr\u00f4nico ou f\u00edsico;<\/p>\n<p><strong>Bloqueio<\/strong> \u2013 suspens\u00e3o tempor\u00e1ria de qualquer opera\u00e7\u00e3o de tratamento, mediante guarda do dado pessoal ou do banco de dados;<\/p>\n<p><strong>Consentimento<\/strong> \u2013 manifesta\u00e7\u00e3o livre, informada e inequ\u00edvoca pela qual o titular concorda com o tratamento de seus dados pessoais para uma finalidade determinada;<\/p>\n<p><strong>Controlador<\/strong> \u2013 pessoa natural ou jur\u00eddica, de direito p\u00fablico ou privado, a quem competem as decis\u00f5es referentes ao tratamento de dados pessoais;<\/p>\n<p><strong>Cookies<\/strong> &#8211; S\u00e3o dados obtidos de arquivos de Internet que armazenam temporariamente o que o USU\u00c1RIO est\u00e1 visitando na rede, podendo ser obtido pelo site, conforme Pol\u00edtica de Cookies.<\/p>\n<p><strong>Dado Pessoal<\/strong> \u2013 informa\u00e7\u00e3o relacionada a pessoa natural identificada ou identific\u00e1vel;<\/p>\n<p><strong>Dado Pessoal Sens\u00edvel<\/strong> \u2013 dado pessoal sobre origem racial ou \u00e9tnica, convic\u00e7\u00e3o religiosa, opini\u00e3o pol\u00edtica, filia\u00e7\u00e3o a sindicato ou a organiza\u00e7\u00e3o de car\u00e1ter religioso, filos\u00f3fico ou pol\u00edtico, dado referente \u00e0 sa\u00fade ou \u00e0 vida sexual, dado gen\u00e9tico ou biom\u00e9trico, quando vinculado a uma pessoa natural;<\/p>\n<p><strong>Elimina\u00e7\u00e3o<\/strong> \u2013 exclus\u00e3o de dado ou de conjunto de dados armazenados em banco de dados, independentemente do procedimento empregado;<\/p>\n<p><strong>Finalidade<\/strong> \u2013 motivo pelo qual \u00e9 realizado o tratamento do dado pessoal do titular;<\/p>\n<p><strong>Incidente de Privacidade<\/strong> \u2013 quaisquer situa\u00e7\u00f5es acidentais ou il\u00edcitas que resultem na destrui\u00e7\u00e3o, perda, altera\u00e7\u00e3o, acesso indevido, tratamento il\u00edcito ou inadequado de Dados Pessoais;<\/p>\n<p><strong>Lei Geral de Prote\u00e7\u00e3o de Dados Pessoais (LGPD)<\/strong> \u2013 A Lei n\u00ba 13.709\/2018 e suas altera\u00e7\u00f5es posteriores, que disp\u00f5e sobre o tratamento de dados pessoais de pessoas naturais, independente do meio, por pessoa natural ou por pessoa jur\u00eddica de direito p\u00fablico ou privado, com o objetivo de proteger os direitos fundamentais de liberdade e de privacidade e o livre desenvolvimento da personalidade da pessoa natural.<\/p>\n<p><strong>Operador<\/strong> \u2013 pessoa natural ou jur\u00eddica, de direito p\u00fablico ou privado, que realiza o tratamento de dados pessoais em nome do controlador;<\/p>\n<p><strong>Titular \/ USU\u00c1RIO<\/strong> \u2013 pessoa natural a quem se referem os dados pessoais que s\u00e3o objeto de tratamento;<\/p>\n<p><strong>Tratamento<\/strong> \u2013 toda opera\u00e7\u00e3o realizada com dados pessoais, como as que se referem a coleta, produ\u00e7\u00e3o, recep\u00e7\u00e3o, classifica\u00e7\u00e3o, utiliza\u00e7\u00e3o, acesso, reprodu\u00e7\u00e3o, transmiss\u00e3o, distribui\u00e7\u00e3o, processamento, arquivamento, armazenamento, elimina\u00e7\u00e3o, avalia\u00e7\u00e3o ou controle da informa\u00e7\u00e3o, modifica\u00e7\u00e3o, comunica\u00e7\u00e3o, transfer\u00eancia, difus\u00e3o ou extra\u00e7\u00e3o;<\/p>\n<ol start=\"2\">\n<li>QUAIS S\u00c3O OS DADOS PESSOAIS TRATADOS?<\/li>\n<\/ol>\n<p>Para que a GALVISA TELHAS realize o tratamento de Dados Pessoais previsto nesta Pol\u00edtica, torna-se imprescind\u00edvel a coleta de algumas informa\u00e7\u00f5es sobre o USU\u00c1RIO. Desta forma, poder\u00e3o ser coletados Dados Pessoais fornecidos diretamente pelo USU\u00c1RIO, por terceiros ou coletados de forma autom\u00e1tica, de acordo com a finalidade de tratamento. Veja abaixo as formas de coleta de Dados Pessoais:<\/p>\n<p>Dados Pessoais fornecidos diretamente pelo USU\u00c1RIO: Os dados s\u00e3o coletados quando inseridos ou submetidos voluntariamente pelo USU\u00c1RIO ao, por exemplo, cadastrar-se em no site, como no Fale Conosco ou Trabalhe Conosco.<\/p>\n<p>As informa\u00e7\u00f5es que coletamos diretamente do USU\u00c1RIO s\u00e3o, mas n\u00e3o limitado a: Nome, e-mail, CPF, profiss\u00e3o e telefone de contato.<\/p>\n<p>O tratamento de dados pessoais de crian\u00e7as e adolescentes ser\u00e1 realizado apenas mediante consentimento espec\u00edfico e destacado de um dos pais ou do respons\u00e1vel legal.<\/p>\n<p>Os dados tratados pela GALVISA TELHAS ser\u00e3o armazenados pelo tempo necess\u00e1rio para atendimento das finalidades para qual foram coletados ou, ainda, para cumprimento de requisitos legais e regulat\u00f3rios, cumprimento de obriga\u00e7\u00f5es contratuais, para que a GALVISA TELHAS possa exercer seus direitos em processos administrativos, arbitrais e\/ou judiciais ou, ainda, para cumprimento das demais hip\u00f3teses previstas na LGPD. Findo o prazo de armazenamento dos dados, a GALVISA os eliminar\u00e1 de maneira segura.<\/p>\n<p>CABE AO USU\u00c1RIO O DEVER DE PRESTAR INFORMA\u00c7\u00d5ES, INCLUINDO DADOS PESSOAIS, CORRETAS E ATUALIZADAS. A GALVISA N\u00c3O \u00c9 RESPONS\u00c1VEL PELA PRECIS\u00c3O, VERACIDADE OU FALTA DELA NAS INFORMA\u00c7\u00d5ES PRESTADAS PELO USU\u00c1RIO, PODENDO, A SEU EXCLUSIVO CRIT\u00c9RIO, SUSPENDER E\/OU CANCELAR O CADASTRO DO USU\u00c1RIO, A QUALQUER MOMENTO, CASO SEJA DETECTADA QUALQUER INEXATID\u00c3O.<\/p>\n<ol start=\"3\">\n<li>QUAL A FINALIDADE DO TRATAMENTO DOS DADOS PESSOAIS?<\/li>\n<\/ol>\n<p>Os dados pessoais tratados pela GALVISA TELHAS t\u00eam como objetivo atender as seguintes finalidades:<\/p>\n<p>Contato com potenciais clientes, se existir pr\u00e9vio consentimento;<\/p>\n<p>Contrata\u00e7\u00e3o de produtos da GALVISA TELHAS;<\/p>\n<p>Defesa dos interesses em processos administrativos, arbitrais e judiciais;<\/p>\n<p>Cumprimento de obriga\u00e7\u00e3o legal ou regulat\u00f3ria, ou ordem judicial, ou requerimento administrativo;<\/p>\n<p>Para responder \u00e0s demandas do USU\u00c1RIO;<\/p>\n<p>Para comunicar o USU\u00c1RIO sobre mudan\u00e7as na Pol\u00edtica de Privacidade ou Termos de Uso, caso necess\u00e1rio; e<\/p>\n<p>Para proteger, identificar e prevenir fraudes ou outras atividades il\u00edcitas.<\/p>\n<p>Os Dados Pessoais ficar\u00e3o armazenados para fins operacionais e obedecer\u00e3o a padr\u00f5es de confidencialidade e seguran\u00e7a. Nenhum documento, informa\u00e7\u00e3o e\/ou dado pessoal ser\u00e1 divulgado e\/ou compartilhado em nenhuma hip\u00f3tese, exceto se expressamente autorizado pelo USU\u00c1RIO, para fins de cumprimento dos servi\u00e7os contratados, mediante ordem judicial\/administrativa, por determina\u00e7\u00e3o legal\/regulat\u00f3ria, para exerc\u00edcio de direitos da GALVISA TELHAS em processos administrativos, arbitrais e\/ou judiciais, ou demais hip\u00f3teses previstas nesta Pol\u00edtica ou na legisla\u00e7\u00e3o aplic\u00e1vel. Os dados pessoais coletados e as atividades registradas tamb\u00e9m poder\u00e3o ser compartilhados com autoridades judiciais, administrativas ou governamentais competentes, sempre que houver requerimento, requisi\u00e7\u00e3o ou ordem judicial.<\/p>\n<p>A base de dados formada por meio da coleta de dados pessoais no Site \u00e9 de propriedade e responsabilidade da GALVISA TELHAS, sendo que seu uso, acesso e compartilhamento, quando necess\u00e1rios, ser\u00e3o realizados dentro dos limites e prop\u00f3sitos de seus neg\u00f3cios, podendo, neste sentido, serem disponibilizados para consulta e cedidos a fornecedores e autoridades, desde que obedecido ao disposto na presente Pol\u00edtica de Privacidade e na LGPD.<\/p>\n<p>Internamente, os dados pessoais do USU\u00c1RIO s\u00e3o acessados somente por colaboradores devidamente autorizados, respeitando os princ\u00edpios de finalidade, adequa\u00e7\u00e3o, necessidade, reten\u00e7\u00e3o m\u00ednima e demais princ\u00edpios inerentes ao tratamento de dados pessoais, sempre para os objetivos da GALVISA TELHAS, al\u00e9m do compromisso de confidencialidade e preserva\u00e7\u00e3o da privacidade nos termos desta Pol\u00edtica de Privacidade.<\/p>\n<ol start=\"4\">\n<li>QUAL A BASE LEGAL DE TRATAMENTO DOS DADOS PESSOAIS?<\/li>\n<\/ol>\n<p>O tratamento dos dados pessoais do USU\u00c1RIO poder\u00e1 ser realizado:<\/p>\n<p>Mediante consentimento livre, informado e inequ\u00edvoco do USU\u00c1RIO, somente quando legalmente exigido ou permitido. Se a GALVISA TELHAS utilizar o consentimento do USU\u00c1RIO como base jur\u00eddica para tratamento de seus Dados Pessoais, o USU\u00c1RIO poder\u00e1 retirar seu consentimento a qualquer momento;<\/p>\n<p>Para o cumprimento de obriga\u00e7\u00e3o legal ou regulat\u00f3ria;<\/p>\n<p>Para o exerc\u00edcio regular de direitos em processo judicial, administrativo ou arbitral;<\/p>\n<p>Para estabelecer uma rela\u00e7\u00e3o contratual entre o USU\u00c1RIO e a GALVISA TELHAS e cumprir com nossas obriga\u00e7\u00f5es assumidas nos termos de um contrato;<\/p>\n<p>A fim de responder a solicita\u00e7\u00f5es do USU\u00c1RIO;<\/p>\n<p>Para proteger os interesses vitais de qualquer pessoa;<\/p>\n<p>Com o respaldo em qualquer outra base jur\u00eddica permitida pela LGPD;<\/p>\n<ol start=\"5\">\n<li>QUAIS OS DIREITOS DO USU\u00c1RIO?<\/li>\n<\/ol>\n<p>Em conformidade com a LGPD, a GALVISA TELHAS assegura os seguintes direitos ao USU\u00c1RIO:<\/p>\n<p>&#8211; A confirma\u00e7\u00e3o da exist\u00eancia de tratamento de dados pessoais;<\/p>\n<p>&#8211; O acesso aos seus dados pessoais;<\/p>\n<p>&#8211; A corre\u00e7\u00e3o de dados pessoais incompletos, inexatos ou desatualizados;<\/p>\n<p>&#8211; A anonimiza\u00e7\u00e3o, bloqueio ou elimina\u00e7\u00e3o de dados pessoais desnecess\u00e1rios, excessivos ou tratados em desconformidade com a LGPD;<\/p>\n<p>&#8211; A elimina\u00e7\u00e3o dos dados pessoais tratados com o consentimento do titular, com exce\u00e7\u00f5es previstas na LGPD;<\/p>\n<p>&#8211; A informa\u00e7\u00e3o sobre a possibilidade de n\u00e3o fornecer consentimento e sobre as consequ\u00eancias da negativa;<\/p>\n<p>&#8211; A revoga\u00e7\u00e3o do consentimento, nos termos da LGPD.<\/p>\n<p>Os direitos do USU\u00c1RIO previstos na LGPD e nesta Pol\u00edtica poder\u00e3o ser exercidos mediante a requisi\u00e7\u00e3o expressa por parte do USU\u00c1RIO ou do seu representante legal junto ao encarregado de dados \u2013 DPO da GALVISA TELHAS.<\/p>\n<p>A CERTISIGN empreender\u00e1 todos os esfor\u00e7os razo\u00e1veis para atender as requisi\u00e7\u00f5es feitas pelo USU\u00c1RIO, no menor tempo poss\u00edvel, e em conformidade com as exig\u00eancias legais. No entanto, fatores justific\u00e1veis, poder\u00e3o atrasar ou impedir o seu r\u00e1pido atendimento, sendo certo que, em caso de demora, ser\u00e3o apresentados ao USU\u00c1RIO os devidos motivos.<\/p>\n<p>O USU\u00c1RIO deve estar ciente que a sua requisi\u00e7\u00e3o poder\u00e1 ser legalmente rejeitada, seja por motivos formais (a exemplo de sua incapacidade de comprovar sua identidade) ou legais (a exemplo do pedido de exclus\u00e3o de dados pessoais cuja manuten\u00e7\u00e3o \u00e9 livre exerc\u00edcio de direito pela GALVISA TELHAS, sendo certo que, na hip\u00f3tese de impossibilidade de atendimento destas requisi\u00e7\u00f5es, ser\u00e3o apresentadas ao USU\u00c1RIO as justificativas razo\u00e1veis.<\/p>\n<ol start=\"6\">\n<li>COMO S\u00c3O ARMAZENADOS OS DADOS PESSOAIS?<\/li>\n<\/ol>\n<p>Os dados pessoais e os registros de atividades coletados ser\u00e3o armazenados em ambiente seguro e controlado, observado o estado da t\u00e9cnica dispon\u00edvel. Todavia, considerando que nenhum sistema de seguran\u00e7a \u00e9 infal\u00edvel, a GALVISA TELHAS se exime de quaisquer responsabilidades por eventuais danos e\/ou preju\u00edzos decorrentes de falhas, v\u00edrus ou invas\u00f5es do nosso banco de dados, salvo nos casos em que tiver dolo ou culpa.<\/p>\n<ol start=\"7\">\n<li>DISPOSI\u00c7\u00d5ES GERAIS<\/li>\n<\/ol>\n<p>Esta \u00e9 a vers\u00e3o mais atualizada da Pol\u00edtica de Privacidade. A GALVISA TELHAS poder\u00e1 alterar o teor desta Pol\u00edtica de Privacidade a qualquer momento, conforme a finalidade ou necessidade, tal qual para adequa\u00e7\u00e3o e conformidade legal de disposi\u00e7\u00e3o de lei ou norma que tenha for\u00e7a jur\u00eddica equivalente, cabendo ao USU\u00c1RIO verific\u00e1-la sempre que efetuar o acesso ao Site.<\/p>\n<p>Caso alguma disposi\u00e7\u00e3o desta Pol\u00edtica de Privacidade seja considerada ilegal ou ileg\u00edtima por autoridade da localidade em que o nosso USU\u00c1RIO resida ou da sua conex\u00e3o \u00e0 Internet, as demais condi\u00e7\u00f5es permanecer\u00e3o em pleno vigor e efeito.<\/p>\n<p>O USU\u00c1RIO reconhece que toda comunica\u00e7\u00e3o realizada por e-mail (aos endere\u00e7os por ele informados), SMS, aplicativos de comunica\u00e7\u00e3o instant\u00e2nea, videoconfer\u00eancia ou qualquer outra forma digital, virtual e digital tamb\u00e9m s\u00e3o v\u00e1lidas como prova documental, sendo eficazes e suficientes para a divulga\u00e7\u00e3o de qualquer assunto que se refira aos servi\u00e7os prestados pela GALVISA TELHAS, bem como \u00e0s condi\u00e7\u00f5es de sua presta\u00e7\u00e3o, ressalvadas as disposi\u00e7\u00f5es expressamente diversas previstas nesta Pol\u00edtica de Privacidade.<\/p>\n<ol start=\"8\">\n<li>LEI APLIC\u00c1VEL E JURISDI\u00c7\u00c3O<\/li>\n<\/ol>\n<p>Esta Pol\u00edtica de Privacidade e a rela\u00e7\u00e3o decorrente das a\u00e7\u00f5es aqui compreendidas, assim como qualquer disputa que surja em virtude disto ser\u00e1 regulada exclusivamente pela legisla\u00e7\u00e3o brasileira.<\/p>\n<p>Fica eleito o Foro da Comarca de Leme &#8211; Estado de S\u00e3o Paulo para dirimir qualquer quest\u00e3o envolvendo o presente documento, renunciando as partes a qualquer outro, por mais privilegiado que seja ou venha a ser.<\/p>\n<ol start=\"9\">\n<li>D\u00daVIDAS SOBRE ESTA POL\u00cdTICA<\/li>\n<\/ol>\n<p>Se houver alguma d\u00favida sobre nossa Pol\u00edtica de Privacidade, por favor envie um e-mail para lgpd@galvisa.com.br aos cuidados da encarregada de dados Isabela Brito.<\/p>\n<p>\u00daltima atualiza\u00e7\u00e3o: Julho\/2023<\/p>\n<p><strong>Termos de uso &#8211; Cookies<\/strong><\/p>\n<p><strong>\u00a0<\/strong><\/p>\n<p><strong>Pol\u00edtica de cookies<\/strong><\/p>\n<p><strong>\u00a0<\/strong><\/p>\n<p>Cookies s\u00e3o pequenos peda\u00e7os de dados armazenados no navegador dos visitantes de um site, geralmente usados para rastrear as configura\u00e7\u00f5es selecionadas pelos usu\u00e1rios e a\u00e7\u00f5es realizadas em um site.<\/p>\n<p>Cada vez que o usu\u00e1rio visita o site novamente, o navegador envia o cookie de volta para o servidor para notificar atividades pr\u00e9vias deste usu\u00e1rio.<\/p>\n<p>Os cookies foram concebidos para serem um mecanismo confi\u00e1vel para que sites se lembrem de informa\u00e7\u00f5es da atividade do usu\u00e1rio para melhorar a navega\u00e7\u00e3o, aumentando a efici\u00eancia no momento da busca.<\/p>\n<p>Esse site utiliza cookies para melhoras e personaliza\u00e7\u00e3o na sua intera\u00e7\u00e3o como usu\u00e1rio permitindo que a GALVISA TELHAS colete suas informa\u00e7\u00f5es de acordo com as finalidades previstas na Pol\u00edtica de Privacidade.<\/p>\n<p>As informa\u00e7\u00f5es coletadas podem ser sobre o usu\u00e1rio, suas prefer\u00eancias ou seu dispositivo e s\u00e3o usadas principalmente para fazer o site funcionar como esperado. Essas n\u00e3o identificam diretamente o usu\u00e1rio, mas podem oferecer uma experi\u00eancia na web mais personalizada.<\/p>\n<p>Consentimento de cookies na plataforma<\/p>\n<p>Ao acessar o site da GALVISA TELHAS voc\u00ea tem a op\u00e7\u00e3o de aceitar ou rejeitar os cookies utilizados no funcionamento deste site. Nossos cookies possuem uma data de validade, por\u00e9m essa \u00e9 redefinida a cada visita do usu\u00e1rio ao site. Caso deseje revogar o seu consentimento a qualquer momento, voc\u00ea poder\u00e1 acessar link de consentimento e executar a op\u00e7\u00e3o de escolha.<\/p>\n<p>Tipos de cookies utilizados e suas finalidades<\/p>\n<p>Necess\u00e1rios<\/p>\n<p>S\u00e3o cookies necess\u00e1rios para o funcionamento do site. Eles permitem que voc\u00ea navegue e use recursos, por exemplo, de cookies de seguran\u00e7a para autenticar usu\u00e1rios, evitar a utiliza\u00e7\u00e3o fraudulenta de credenciais de login e proteger os dados do usu\u00e1rio de terceiros n\u00e3o autorizados. O bloqueio desses cookies pode afetar a experi\u00eancia do usu\u00e1rio no site e a disponibilidade dos servi\u00e7os ofertados.<\/p>\n<p>Estat\u00edsticos<\/p>\n<p>S\u00e3o cookies que coletam informa\u00e7\u00f5es de forma an\u00f4nima e permitem determinar informa\u00e7\u00f5es, como o n\u00famero de visitantes de uma p\u00e1gina, como os visitantes chegaram ao site e quais as p\u00e1ginas acessadas. O bloqueio desses cookies pode afetar a experi\u00eancia do usu\u00e1rio no site prejudicando possivelmente o desempenho da plataforma e dos servi\u00e7os ofertados.<\/p>\n<p>Como alterar ou bloquear cookies<\/p>\n<p>Para alterar ou ajustar suas configura\u00e7\u00f5es de cookies, o usu\u00e1rio poder\u00e1 fazer as op\u00e7\u00f5es especificadas neste aviso, alterar as permiss\u00f5es dos Cookies utilizados no site pelo plugin no canto esquerdo inferior do site ou consultar as instru\u00e7\u00f5es do seu navegador, lembrando que a configura\u00e7\u00e3o atrav\u00e9s do seu navegador deve ser replicada em todos os dispositivos utilizados para acessar os Sites.<\/p>\n<\/div><\/div><\/div><\/div><\/div><\/p>\n","protected":false},"excerpt":{"rendered":"","protected":false},"author":1,"featured_media":0,"parent":0,"menu_order":0,"comment_status":"closed","ping_status":"closed","template":"","meta":{"footnotes":""},"class_list":["post-792","page","type-page","status-publish","hentry"],"_links":{"self":[{"href":"https:\/\/galvisatelhas.com.br\/novo\/wp-json\/wp\/v2\/pages\/792","targetHints":{"allow":["GET"]}}],"collection":[{"href":"https:\/\/galvisatelhas.com.br\/novo\/wp-json\/wp\/v2\/pages"}],"about":[{"href":"https:\/\/galvisatelhas.com.br\/novo\/wp-json\/wp\/v2\/types\/page"}],"author":[{"embeddable":true,"href":"https:\/\/galvisatelhas.com.br\/novo\/wp-json\/wp\/v2\/users\/1"}],"replies":[{"embeddable":true,"href":"https:\/\/galvisatelhas.com.br\/novo\/wp-json\/wp\/v2\/comments?post=792"}],"version-history":[{"count":10,"href":"https:\/\/galvisatelhas.com.br\/novo\/wp-json\/wp\/v2\/pages\/792\/revisions"}],"predecessor-version":[{"id":804,"href":"https:\/\/galvisatelhas.com.br\/novo\/wp-json\/wp\/v2\/pages\/792\/revisions\/804"}],"wp:attachment":[{"href":"https:\/\/galvisatelhas.com.br\/novo\/wp-json\/wp\/v2\/media?parent=792"}],"curies":[{"name":"wp","href":"https:\/\/api.w.org\/{rel}","templated":true}]}}